ommon divisor of v and 130.
130
Let d be (54/45 - 2) + (-328)/(-10). What is the greatest common factor of d and 1728?
32
Let m = 418 + -430. Let c be (-753)/m + 4/(22 - 6). What is the greatest common factor of 7 and c?
7
Suppose -11*j + 7*j + 20 = 0. Suppose -4*g + 61 = -5*f, 0 = -j*g + 2*f + 28 + 61. What is the greatest common factor of 19 and g?
19
Let k be 24/10*(-4 + -3 + 2). Let f be (-9)/k + 1629/36. Suppose 2*w + 2*o = f, 15 = 2*o - 5*o. Calculate the highest common factor of w and 196.
28
Let b(k) = 22*k**2 + 131*k - 100. Let h be b(-8). Suppose 0 = 5*v - 0*v - 200. Suppose w - v = -w. Calculate the highest common factor of h and w.
20
Let r be (-20)/200 - -1*(-2884)/(-40). Suppose 298 = 5*k - q, -2*q = -k + 99 - 34. Let o = r - k. Calculate the greatest common divisor of o and 130.
13
Suppose 0 = -4*l - j - 4, 15 + 5 = 3*l - 5*j. Let m(p) = -p - 75. Let z be m(l). Let d = -66 - z. Calculate the greatest common factor of 1 and d.
1
Suppose 66*h - 180 - 57 = 291. Calculate the greatest common factor of 396 and h.
4
Suppose 5*d + 95 = 5*n, 33 = -157*n + 159*n - 3*d. What is the highest common factor of n and 10956?
12
Let s = 10674 + -10588. What is the greatest common factor of 8686 and s?
86
Let s be (0/(-2))/(-2) - (-684)/(-18). Suppose 0 = 3*y + q + 520, 352 = -2*y - 2*q + 4*q. Let x = s - y. Calculate the greatest common divisor of x and 34.
34
Suppose -3*j - 19 = -4*c, -4*j - 25*c + 29*c - 16 = 0. Suppose 6*o - o + 52 = y, -2*o - 112 = -2*y. What is the highest common factor of y and j?
3
Let j = 61 + -34. Let k be j + 8*5/10. Suppose 0 = 10*a - 950 - 290. Calculate the greatest common factor of k and a.
31
Let n = -10711 + 10741. Calculate the highest common divisor of n and 8790.
30
Let z = 29 - 8. Suppose -3*f = -5*d + f + 6, 0 = 4*d + 5*f - 13. Suppose d*v = -3*v - u + 110, 2*v - 4*u = 22. What is the highest common factor of v and z?
21
Let z be 18 + (-1 - 5) - (-14 - -12). Calculate the highest common divisor of 616 and z.
14
Let q be 76467/10770 + (1 - 2)*(-3)/(-30). Let k = -3 - -6. Suppose 0 = -a + k - 2. What is the highest common divisor of a and q?
1
Suppose -i + 9 = -1. Suppose 0 = -9*k + 281 + 1708. Let d = k - 151. What is the highest common divisor of i and d?
10
Suppose 92*l = 7759 + 18001. Calculate the highest common divisor of 336 and l.
56
Let f = -702 + 1185. Calculate the greatest common divisor of 21 and f.
21
Suppose 2*q - 17*q = 6*q - 34020. Calculate the greatest common factor of 567 and q.
81
Let i = -267 + 336. Let c(z) = 17*z - 111. Let j be c(16). Calculate the greatest common factor of i and j.
23
Let k be 930/(-837) + 1405/9. Suppose -5*i - 62 = 2*g, g - 2*i = -4*i - 30. Let r = 5 - g. Calculate the greatest common factor of k and r.
31
Let n = -23 - -25. Suppose -5*f + 5*m = -85, n*f = -3*f + m + 101. What is the highest common factor of f and 35?
7
Suppose 2*f = 2*u + u - 142, -f - 47 = -u. Let g = 6242 + -6194. Calculate the highest common divisor of g and u.
48
Let a be ((-118)/4)/(((-426)/(-5556))/(-71)). Calculate the greatest common factor of 59 and a.
59
Let v = -86 - -86. Suppose v = 3*k + 3*u - 6, k - 4*u = -2*k - 8. Let p(z) = z**2 - 3*z + 4. Let n be p(k). What is the greatest common factor of n and 4?
4
Suppose -239 = u - 851. Let x(p) = 8*p**3 + 802*p**2 + 202*p + 236. Let h be x(-100). What is the highest common divisor of h and u?
36
Let f = 15010 - 8275. What is the greatest common divisor of 15 and f?
15
Let g(i) = -i**3 + 5*i**2 + 27*i - 91. Let r be g(3). Suppose 350 = r*v + 2*v. What is the highest common factor of 385 and v?
35
Let o(p) = -48*p - 65. Let t be o(-3). Suppose 2*m = 115 - t. What is the greatest common factor of m and 4?
2
Let i = 4682 - 4529. What is the highest common factor of 36 and i?
9
Suppose -2580 = -7*z - 79*z. Calculate the highest common factor of z and 170.
10
Suppose 34 = -2*c - 4*s, s = 3*c + 13 + 10. Let r be c*(840/(-9))/10. What is the highest common factor of r and 147?
21
Let c(g) = -6*g - 10. Let y be c(20). Let d = 354 + y. Suppose -17*k + d = -13*k. What is the highest common factor of k and 8?
8
Let q be 519/346*(-858)/(-9). Let n = -17 + 30. Calculate the greatest common divisor of q and n.
13
Let l be -73*(13 + -19 + (-2 + 2 - -4)). Calculate the greatest common factor of l and 657.
73
Let m = 3249 + -3118. Calculate the greatest common factor of 6157 and m.
131
Let i(m) = -1435*m + 82. Let d be i(-1). Calculate the greatest common factor of 185 and d.
37
Suppose -172 = 14*k - 438. Let a(o) = 6*o**2 - 5*o + 7. Let v be a(2). Let y = -2 + v. Calculate the highest common factor of y and k.
19
Suppose 17*g = 6*g + 154. Let m(q) = 7*q - 60. Let i be m(9). Suppose i*v - 6*v + 2*j = -14, -4*v = -4*j - 24. Calculate the greatest common divisor of v and g.
2
Let g(a) = a**3 - 5*a + 2. Let f be g(-3). Let o be (-7293)/(-15) + (-8)/f. Suppose -o = -5*l + 833. Calculate the greatest common divisor of 24 and l.
24
Suppose 6978 = 421*l - 417*l + 6*q, l + 3*q - 1740 = 0. What is the greatest common divisor of 1431 and l?
159
Let a = -3923 - -4247. What is the greatest common factor of 12 and a?
12
Let i(r) = 6*r**2 - 18*r + 41. Let b(d) = -5*d**2 + 18*d - 42. Let f(l) = 5*b(l) + 4*i(l). Let q be f(14). Calculate the highest common factor of 5 and q.
5
Let h = 2843 - 2609. What is the greatest common divisor of 819 and h?
117
Let p = 64 + -61. Let d(t) = t**2 - 2*t - 6. Let i be d(p). Let r be (-2 - i)*(-2)/4*-2. Calculate the highest common factor of r and 5.
1
Suppose -8*v + 6*v = -1026. Suppose -3*y - 3*w = -159, 2*w + 15 = 7. Calculate the highest common factor of y and v.
57
Let q(x) = -8 - 15*x**2 - 15*x + 21 + 5*x**3 + 19 - 4*x**3. Let y be q(16). Calculate the greatest common divisor of y and 264.
24
Suppose -6*b + 4956 = -4*b - 6*v, 5004 = 2*b + 2*v. Calculate the highest common divisor of 2340 and b.
156
Suppose 0 = -27*h + 146*h - 8568. Let o(y) = y**3 + 6*y**2 - 4*y - 6. Let l be o(-6). Calculate the greatest common factor of l and h.
18
Let q = -21 - -29. Let h = -232935 - -233111. What is the greatest common factor of q and h?
8
Suppose 4*f = -3*m + 21845, m = 411 - 408. Calculate the highest common divisor of f and 53.
53
Suppose 176220 = 16*u + 106781 - 170449. What is the highest common factor of u and 94?
47
Let y be ((-11)/(231/(-468)))/((-1376)/903 - 20/(-12)). Let v = 43 - 31. Calculate the greatest common factor of v and y.
12
Let t = -4087 + 4444. Calculate the highest common divisor of 918 and t.
51
Suppose 0 = -18*h + 2126 + 2392. Let c = h + -220. Calculate the greatest common divisor of 465 and c.
31
Suppose 3*z - 24 = -0*z. Let k be (0 - (-2 - -4))*(-2 - 0). Suppose -2*w - 4 = 5*j + 7, -k*j = 3*w + 6. What is the highest common factor of z and w?
2
Suppose 36 = 28*s - 10*s. Suppose 19*w = 16*w + 5*m + 184, 3*w + s*m = 191. What is the highest common divisor of w and 45?
9
Suppose -3*q + 2*c + 76 = 0, 4*c = -4*q - 130 + 198. Let t be 1 + 319 - -2 - 3. Calculate the greatest common divisor of t and q.
11
Let k(v) = -7*v**3 - 83*v**2 - 106*v - 24. Let d be k(-14). What is the highest common divisor of d and 175?
25
Suppose 7*y + 4912 = -1409. Let t = y - -1488. Let p = t + -345. Calculate the highest common divisor of p and 48.
48
Let p be -1 + 3 + 3/3. Let q = 347 + -343. Suppose -2*x - 48 = -p*x + g, -q*x - 4*g = -176. What is the highest common divisor of 69 and x?
23
Let g = 4443 + -4367. What is the highest common divisor of 7676 and g?
76
Let m = -1531 - -1537. What is the greatest common divisor of 250 and m?
2
Let m = 26129 + -26119. What is the highest common divisor of m and 12010?
10
Suppose -23*n + 25*n - 12030 = 0. Calculate the highest common factor of n and 15.
15
Suppose 5484 = 2*z - 12*y + 13*y, 4*z - 10982 = 5*y. What is the highest common divisor of z and 13?
13
Let v = -319 + 321. Suppose 4*f = f - 2*z + 3030, z + 2013 = v*f. Calculate the highest common divisor of f and 63.
63
Let w = -17 - -44. Suppose r + 2 = 4. Let a be 25/10 - (-1)/r. What is the greatest common factor of w and a?
3
Let m be 3695692/1690 + ((-1)/5)/(3 - 4). Calculate the highest common factor of 324 and m.
81
Let i be (-108)/(0 - 2) - (8 - 10). Let k be (-86)/(-129) - i/(-6). Calculate the highest common divisor of k and 6.
2
Supp